Let f(t) = t**3 - 22*t**2 - t + 29. Give f(22).
7
Let y(j) = j**2 + 4*j. Give y(-5).
5
Let t(y) = -y**3 + 2*y**2 + 9*y + 4. Determine t(4).
8
Let a(h) = -5*h + 4. Calculate a(-5).
29
Let o(y) = 4*y + 9. Give o(-3).
-3
Let g(w) = -w**3 - 2*w**2 + 23*w + 11. Calculate g(-6).
17
Let q(w) = w - 4. What is q(13)?
9
Let i(s) = s**3 + 3*s**2 - 6*s + 1. Calculate i(-5).
-19
Let r(a) = 13*a**2 + 2*a - 2. Calculate r(2).
54
Let a(k) = -3*k**2 + 13*k. Give a(4).
4
Let p(m) = m**3 - 7*m**2 - 2*m + 10. What is p(7)?
-4
Let k(y) = y. What is k(-6)?
-6
Let r(w) = w**3 + 13*w**2 + 16*w + 40. Determine r(-12).
-8
Let v(g) = g**3 + 51*g**2 + 87*g - 541. What is v(-49)?
-2
Let l(g) = g**2 + 49*g + 101. What is l(-47)?
7
Let f(n) = -n**3 + 6*n**2 + 8*n - 3. Calculate f(7).
4
Let b(t) = -2*t + 2. What is b(0)?
2
Let l(b) = -b**3 + 12*b**2 + 44*b + 24. Give l(15).
9
Let r(w) = 2*w**3 + 4*w**2 - 6*w + 4. What is r(-3)?
4
Let s(o) = o**3 + 10*o**2 - 30*o - 4. Give s(-12).
68
Let a(y) = 13*y**2 - 2*y + 1. Calculate a(1).
12
Let a(s) = s**2 - 3*s - 61. Determine a(9).
-7
Let x(d) = d**3 - 7*d**2 + 5*d - 14. What is x(7)?
21
Let b(o) = o + 18. Give b(-14).
4
Let o(i) = -i**3 - 2*i**2 + 8*i + 4. Give o(-5).
39
Let m(v) = 2*v**2 + 10*v - 20. Calculate m(-7).
8
Let i(t) = 4*t**2 + 81*t + 13. Calculate i(-20).
-7
Let v(i) = -13*i + 60. Calculate v(5).
-5
Let w(l) = -75*l + 148. Determine w(2).
-2
Let l(h) = -h**2 - 51*h - 152. Determine l(-3).
-8
Let o(c) = 12*c - 18. Give o(2).
6
Let h(w) = w**3 + 2*w**2 - 3*w + 5. What is h(-4)?
-15
Let w(x) = -x**2 + 10*x - 9. Give w(10).
-9
Let j(h) = -h**3 - 5*h**2 + 4*h + 3. What is j(-3)?
-27
Let n(g) = 5*g + 14. Determine n(-7).
-21
Let y(q) = 17*q**2 - 5*q - 17. Determine y(2).
41
Let p(l) = -l**3 - 10*l**2 + 4*l + 11. Calculate p(-11).
88
Let t(d) = 2*d + 30. What is t(-12)?
6
Let m(y) = -y**2 + 8*y - 8. Calculate m(6).
4
Let g(a) = -a**3 + 4*a**2 + 11*a + 8. Calculate g(6).
2
Let p(s) = -s - 8. Calculate p(-3).
-5
Let m(r) = 2*r - 22. Give m(13).
4
Let q(k) = -k**3 - 15*k**2 - 15*k - 11. Give q(-14).
3
Let s(l) = -4*l + 8. Give s(4).
-8
Let l(p) = 5*p**2 - 3*p - 2. Determine l(2).
12
Let g(o) = -o + 8. Give g(0).
8
Let d(g) = g**3 - 10*g**2 - 2*g - 5. Determine d(10).
-25
Let r(g) = g**3 + 6*g**2 - 5. Calculate r(-4).
27
Let x(u) = 26*u**2 - 4*u - 4. Calculate x(-1).
26
Let n(h) = 39*h + 38. Determine n(-1).
-1
Let l(g) = g**3 - 9*g**2 + 7*g + 6. What is l(4)?
-46
Let q(s) = -16*s + 1. What is q(1)?
-15
Let m(o) = o**2 - 19*o + 103. Determine m(9).
13
Let p(l) = -l**2 - l + 18. Determine p(-4).
6
Let v(m) = 2*m**3 - 11*m**2 - m - 26. What is v(6)?
4
Let w(z) = 4*z**3 + 5*z**2 - 2*z - 3. Calculate w(-2).
-11
Let b(a) = 2*a**2 + a - 2. Calculate b(6).
76
Let n(h) = -h + 39. What is n(6)?
33
Let n(x) = 10*x + 164. Calculate n(-17).
-6
Let u(x) = -2*x - 24. What is u(-11)?
-2
Let i(l) = -22*l + 2. What is i(-5)?
112
Let j(a) = a**3 + 6*a**2 + 5*a + 4. Calculate j(-5).
4
Let r(g) = 2*g**2 - 3*g - 38. Determine r(6).
16
Let j(x) = -x**2 - 3*x + 14. Determine j(0).
14
Let c(t) = -t**3 + t**2 + 4*t - 4. What is c(3)?
-10
Let f(g) = -4*g - 7. Calculate f(-3).
5
Let q(a) = -5*a**2 - a + 4. Determine q(-3).
-38
Let p(o) = 2*o**2 - 8*o - 89. Calculate p(-5).
1
Let l(u) = -u**3 + 5*u**2 + 13*u + 6. What is l(7)?
-1
Let y(k) = k**3 - 10*k**2 - 9*k - 12. Calculate y(11).
10
Let g(p) = p + 2. Determine g(17).
19
Let d(c) = c**2 - 59*c + 265. Calculate d(5).
-5
Let r(x) = x**2 + 3*x - 3. Calculate r(1).
1
Let w(g) = -g**3 + 9*g**2 - 10*g - 8. Determine w(4).
32
Let s(p) = -77*p**3 - p**2 - p - 1. Give s(-1).
76
Let g(q) = 2*q**2 - 3*q + 6. Determine g(2).
8
Let d(h) = h**3 - 8*h**2 + 2*h + 12. Give d(5).
-53
Let n(q) = 27*q**3 + q. Calculate n(-1).
-28
Let z(c) = -c**2 + 8*c + 14. What is z(10)?
-6
Let g(b) = b**2 + 10*b + 22. Give g(-16).
118
Let x(s) = s**2 - 2*s - 26. What is x(6)?
-2
Let h(d) = d**2 + 8*d - 1. What is h(-11)?
32
Let t(m) = -m**2 - 3*m + 14. Determine t(-6).
-4
Let b(y) = 4*y**2 + 3*y + 3. What is b(-3)?
30
Let w(l) = -l**3 + 2*l**2 + 2*l - 3. Give w(2).
1
Let i(j) = 2*j**2 + 4*j + 1. Calculate i(-3).
7
Let k(l) = -l**2 + 3*l + 269. Give k(18).
-1
Let r(k) = 3*k - 52. Determine r(17).
-1
Let o(j) = j**3 + 16*j**2 + 2*j + 34. What is o(-16)?
2
Let h(d) = -d**3 - 10*d**2 - 13*d - 6. Determine h(-9).
30
Let a(r) = r + 39. What is a(-38)?
1
Let g(m) = -m**3 + 3*m**2 + 3*m + 1. Calculate g(4).
-3
Let y(p) = p**3 + 6*p**2 - 4*p - 3. What is y(-6)?
21
Let j(i) = -i**3 - 10*i**2 + 4*i. What is j(-11)?
77
Let m(u) = u**2 + 1. Determine m(-3).
10
Let o(h) = 7*h**3 + h**2 + 2*h + 1. What is o(-1)?
-7
Let w(k) = 5*k + 191. Calculate w(-36).
11
Let i(o) = o**2 + 17*o - 15. Calculate i(-18).
3
Let c(q) = 11*q + 2. Calculate c(3).
35
Let r(m) = 2*m**3 + 11*m**2 - 4*m + 2. Calculate r(-6).
-10
Let h(v) = 2*v**2 + 67*v - 105. Determine h(-35).
0
Let w(v) = -v**2 - 9*v + 68. Give w(4).
16
Let k(f) = -f**3 - 5*f**2 - 3*f + 2. Calculate k(-4).
-2
Let s(y) = -y + 12. Determine s(-12).
24
Let n(t) = t**3 - 6*t**2 - 9*t + 6. Give n(7).
-8
Let h(r) = -r**2 - 25*r - 46. Determine h(-24).
-22
Let s(x) = -x**3 - 23. What is s(0)?
-23
Let i(v) = v**3 - 5*v**2 + 6*v - 6. Determine i(3).
-6
Let t(c) = -4*c**2 + c + 14. Give t(4).
-46
Let t(n) = n**3 + n**2 + 4*n + 32. Give t(0).
32
Let x(b) = 5*b - 21. What is x(3)?
-6
Let c(p) = -p**3 - 2*p**2 + 11*p + 6. Give c(-4).
-6
Let w(n) = 3*n + 29. Determine w(-7).
8
Let p(s) = -5*s - 40. What is p(-9)?
5
Let b(u) = -17*u + 218. Determine b(13).
-3
Let a(o) = -o**3 + 2*o**2 + 6*o - 4. Determine a(4).
-12
Let w(f) = 11*f - 2. Give w(-4).
-46
Let v(a) = -14*a - 7. Determine v(0).
-7
Let t(d) = d - 3. Determine t(-5).
-8
Let r(f) = -5*f - 19. Calculate r(-5).
6
Let n(q) = 2*q**2 - 15*q + 62. Determine n(8).
70
Let j(i) = i - 18. Give j(8).
-10
Let i(b) = -b**3 - 15*b**2 + 5*b + 78. What is i(-15)?
3
Let z(p) = p**2 - 12*p - 3. What is z(14)?
25
Let i(t) = 5*t - 6. Determine i(8).
34
Let g(r) = r**3 - 10*r**2 - 12*r + 12. Determine g(11).
1
Let x(o) = 10*o**3 + 2*o**2 + 6*o + 5. Calculate x(-1).
-9
Let d(l) = -2*l**3 + 7*l**2 + 5*l - 8. Calculate d(4).
-4
Let s(d) = 6*d**3 - 2*d - 2. What is s(-1)?
-6
Let h(b) = b**2 - 28*b - 164. Calculate h(33).
1
Let g(w) = -7*w**2 + 3*w + 13. What is g(-2)?
-21
Let g(t) = -4*t**2 + 5*t - 2. What is g(2)?
-8
Let i(n) = -n**3 + 5*n**2 - 4*n + 6. Determine i(4).
6
Let a(g) = -5*g + 12. What is a(2)?
2
Let a(s) = -3*s**2 - 50*s - 116. What is a(-14)?
-4
Let w(g) = g**2 + 14*g + 62. What is w(-9)?
17
Let m(l) = l**2 - 4*l - 109. Calculate m(-10).
31
Let t(f) = 2*f**2 - 5*f - 3. Calculate t(3).
0
Let r(d) = -d**3 - 7*d**2 + 16*d - 11. Give r(-9).
7
Let q(j) = -j**3 - 19*j**2 - 27*j - 178. Determine q(-18).
-16
Let r(h) = h**3 - 4*h**2 + 5*h - 1. Determine r(5).
49
Let d(h) = -h**2 + 5*h - 6. Give d(5).
-6
Let f(x) = 6*x**2 - 2*x - 3. What is f(-2)?
25
Let q(a) = a**2 - 9*a + 9. Give q(7).
-5
Let t(d) = d**2 - 9*d - 96. Calculate t(-6).
-6
Let b(q) = 3*q + 5. Calculate b(-8).
-19
Let x(u) = -7*u - 1. Calculate x(3).
-22
Let g(f) = f**3 + 3*f**2 - f - 1. Calculate g(-3).
2
Let x(a) = 2*a**2 - 9*a - 6. Determine x(4).
-10
Let l(r) = 2*r + 3. Determine l(12).
27
Let f(y) = -y**2 + 35*y - 280. What is f(11)?
-16
Let w(y) = y**3 - 14*y**2 + 24*y + 6. Give w(12).
6
Let a(o) = 89*o - 181. Determine a(2).
-3
Let a(r) = 3*r**3 - 3*r**2 + 3*r - 5. What is a(2)?
13
Let o(c) = -c**3 - 6*c**2 + 22. Give o(-4).
-10
Let t(i) = 10*i + 121. What is t(-13)?
-9
Let b(q) = q**3 + 15*q**2 - 54*q - 7. What is b(-18)?
-7
Let d(c) = c**2 - 4*c + 5. Determine d(3).
2
Let o(t) = -2*t + 29. Determine o(12).
5
Let q(u) = -u**3 - u**2 + 9*u - 15. Calculate q(-5).
40
Let l(t) = t**2 - 9*t - 24. Give l(11).
-2
Let t(v) = -6*v**3 + v**2. Determine t(1).
-5
Let t(f) = -f - 2. What is t(-7)?
5
Let m(n) = -n**2 + n - 10. Determine m(4).
-22
Let c(n) = -4*n**2 - 45*n - 25. Give c(-10).
25
Let r(o) = 16*o**2 + o - 1. Give r(1).
16
Let i(n) = 2*n + 4. Calculate i(1).
6
Let c(f) = f**3 + 35*f**2 + 99*f + 80. Calculate c(-32).
-16
Let s(a) = -2*a**3 + 11*a**2 - 14. Calculate s(6).
-50
Let v(m) = -13*m**2 + 10*m - 3. Give v(2).
-35
Let p(r) = r**2 - r - 5. Determine p(-2).
1
Let g(h) = -11*h + 3. Give g(-3).
36
Let u(w) =